n) = n**3 + 18*n**2 - 2*n - 29. Determine a(-18).
7
Let n(g) = -2*g + 15. Give n(12).
-9
Let a(c) = 11*c + 735. Determine a(-68).
-13
Let g(i) = 6*i**2 - 5*i + 4. Determine g(1).
5
Let y(l) = -3*l + 33. Determine y(11).
0
Let v(z) = 2*z**2 + 21*z + 70. What is v(-4)?
18
Let a(d) = d + 5. Determine a(-16).
-11
Let s(o) = 4*o + 16. Determine s(-4).
0
Let q(v) = -v**2 - 14*v + 8. Calculate q(-14).
8
Let c(v) = 6*v - 3. Give c(4).
21
Let h(v) = -v**3 + 3*v**2 - 4*v + 4. Determine h(3).
-8
Let l(q) = -70*q + 284. Determine l(4).
4
Let j(h) = h**2 - 31*h + 5. What is j(31)?
5
Let z(p) = -p - 24. Give z(19).
-43
Let r(d) = -d**3 - 2*d + 2. Calculate r(1).
-1
Let j(t) = -14*t + 7. Give j(0).
7
Let b(v) = -9*v + 38. Calculate b(0).
38
Let c(y) = -y**2 - 16*y - 50. Determine c(-5).
5
Let c(y) = y**2 - 83*y + 238. Give c(3).
-2
Let t(b) = b**3 + 8*b**2 + 6*b - 9. Determine t(-7).
-2
Let h(j) = 2*j - 5. Give h(4).
3
Let x(a) = 2*a**3 - a**2 + a - 3. Calculate x(0).
-3
Let s(m) = -3*m - 23. What is s(-17)?
28
Let v(n) = -n**2 + 64*n + 265. Calculate v(68).
-7
Let s(d) = -d**3 + 31*d**2 - 86*d + 5. Determine s(3).
-1
Let x(o) = o**2 + 11*o + 4. Determine x(-5).
-26
Let u(h) = -h + 10. Calculate u(-19).
29
Let l(t) = -t**2 + 14*t - 17. Calculate l(15).
-32
Let l(v) = -2*v**2 - 94*v - 80. What is l(-46)?
12
Let o(t) = t**3 + 10*t**2 + 11*t - 4. What is o(-8)?
36
Let y(p) = 5*p**2 + 24*p + 20. Calculate y(-4).
4
Let w(p) = 19*p + 12. Give w(-5).
-83
Let k(x) = x**3 - 3*x**2 - 5*x - 2. Calculate k(4).
-6
Let x(c) = 44*c**2. Determine x(-1).
44
Let h(m) = m**3 - 17*m**2 + 61*m + 17. Give h(12).
29
Let p(h) = -3*h**2 - 4*h - 9. Give p(4).
-73
Let z(g) = -24*g**2 + 3*g + 2. Give z(-1).
-25
Let j(n) = 15*n - 13. What is j(-6)?
-103
Let t(i) = -4*i + 13. Give t(-7).
41
Let x(z) = z**2 - 21*z + 14. What is x(20)?
-6
Let s(a) = 14*a + 40. Give s(-9).
-86
Let s(n) = 2*n**2 - 3*n + 5. What is s(4)?
25
Let f(x) = 12*x + 71. What is f(-12)?
-73
Let b(g) = -g**3 - 2*g + 2. Determine b(2).
-10
Let w(u) = -u**3 + 3*u + 1. Give w(-3).
19
Let i(p) = -p**2 - 11*p - 24. Determine i(-6).
6
Let v(r) = -2*r**3 + 6*r**2 - 5*r + 27. Give v(3).
12
Let u(s) = -2*s**3 - 10*s**2 - 7*s - 2. Calculate u(-5).
33
Let k(l) = -21*l + 159. Give k(7).
12
Let c(m) = -7*m + 16. Calculate c(-7).
65
Let s(d) = -d**3 + 4*d**2 + 6*d + 4. Give s(5).
9
Let r(z) = 3*z + 17. Determine r(-11).
-16
Let v(x) = -x**2 - 22. Determine v(-6).
-58
Let m(q) = -2*q**3 - 7*q**2 + 6. Calculate m(-5).
81
Let h(a) = 4*a - 7. What is h(4)?
9
Let k(y) = 4*y + 4. Determine k(-5).
-16
Let h(o) = -9*o - 134. Calculate h(-16).
10
Let b(q) = -18*q + 19. Determine b(-4).
91
Let r(z) = -21*z - 58. Give r(-3).
5
Let b(y) = 5*y + 5. Calculate b(-3).
-10
Let y(f) = -2*f**2 + 21*f + 16. Calculate y(11).
5
Let a(b) = -b**2 + 3*b + 92. Calculate a(-9).
-16
Let d(j) = -j**3 - 6*j**2 + 5*j. Determine d(-6).
-30
Let v(q) = -26*q + 2. What is v(1)?
-24
Let l(h) = -h**2 - 7*h + 24. Give l(3).
-6
Let j(w) = 3*w**2 + 6*w - 6. Calculate j(6).
138
Let f(h) = -h**3 + 7*h**2 - 3*h. What is f(3)?
27
Let q(z) = -9*z**2 - 52*z + 9. Calculate q(-6).
-3
Let x(r) = r**3 - 34*r**2 + 2*r - 47. What is x(34)?
21
Let y(c) = -c**3 - c**2 + 2*c - 4. Give y(-3).
8
Let r(f) = -3*f**3 + 2*f**2 + 3*f - 5. What is r(2)?
-15
Let p(x) = 3*x - 14. Give p(6).
4
Let z(t) = 84*t - 250. Give z(3).
2
Let t(w) = w**2 + 10*w + 9. Determine t(-9).
0
Let c(f) = -f**2 + 15*f - 48. Calculate c(9).
6
Let v(z) = -z**2 + 19*z - 19. Calculate v(18).
-1
Let u(c) = -c**2 - 7*c + 1. Give u(-3).
13
Let l(j) = j**2 - 9*j - 1. Determine l(8).
-9
Let p(h) = h**2 + 11*h - 1. What is p(-13)?
25
Let r(h) = -h**2 + 3*h + 73. Calculate r(11).
-15
Let u(s) = -3*s**2 + 3*s + 4. Give u(0).
4
Let n(r) = -17*r - 62. What is n(-4)?
6
Let p(f) = -4*f - 170. Determine p(-40).
-10
Let o(l) = l + 23. Give o(-10).
13
Let d(j) = -j**3 - 16*j**2 - 32*j - 55. Calculate d(-14).
1
Let d(x) = -3*x + 3. Calculate d(-1).
6
Let v(b) = 4*b + 29. Give v(-5).
9
Let o(y) = -y**3 + 2*y**2 + 2*y - 62. Give o(0).
-62
Let h(g) = -g**3 - 6*g**2 + 9*g - 3. Give h(-7).
-17
Let j(p) = p**3 + 13*p**2 - 21*p - 28. Calculate j(-14).
70
Let p(k) = 4*k - 152. Determine p(40).
8
Let i(k) = 8*k + 164. What is i(-21)?
-4
Let h(c) = 2*c**2 - 45*c + 228. Determine h(14).
-10
Let y(n) = -2*n**2 - 12*n - 5. Give y(-5).
5
Let t(x) = x**2 - 15*x - 17. Calculate t(-1).
-1
Let i(h) = 2*h**3 + 17*h**2 + 5*h - 9. Calculate i(-8).
15
Let u(h) = -h**3 + 7*h**2 + 4*h + 25. Give u(8).
-7
Let v(f) = -f**3 + 9*f**2 - 7*f - 8. Give v(8).
0
Let h(o) = 10*o - 10. What is h(-7)?
-80
Let v(x) = 3*x**2 - 2*x - 5. What is v(-2)?
11
Let j(q) = -q**3 - 81. Give j(0).
-81
Let y(s) = -2*s**3 + 6*s**2 + 8*s - 6. What is y(4)?
-6
Let n(b) = -2*b**2 + 24*b + 16. Give n(11).
38
Let v(m) = -2*m + 2. Calculate v(-1).
4
Let r(i) = 33*i - 298. Give r(9).
-1
Let c(s) = 6*s**2 - 53*s - 13. What is c(9)?
-4
Let h(o) = -o**3 + 8*o**2 - 11*o - 5. Calculate h(7).
-33
Let t(m) = 9*m - 76. Give t(11).
23
Let i(s) = s**3 - 22*s**2 + 105*s - 4. Determine i(15).
-4
Let d(q) = q**3 + 22*q**2 + 22*q + 20. Calculate d(-21).
-1
Let q(w) = w**2 + 8*w - 17. Give q(-12).
31
Let d(c) = c**2 + 6*c + 3. Give d(-4).
-5
Let p(d) = d**3 + 15*d**2 + 56*d + 18. Give p(-9).
0
Let w(x) = -x**3 - 4*x**2 + 8*x + 9. Calculate w(-4).
-23
Let s(d) = d**2 + 2*d - 6. Give s(4).
18
Let g(a) = -16*a - 90. Calculate g(-6).
6
Let s(l) = -l**3 - 7*l**2 - l + 2. Calculate s(-7).
9
Let l(r) = -r**3 - 9*r**2 + 4*r - 19. What is l(-10)?
41
Let u(d) = -d + 4. Determine u(-2).
6
Let k(s) = 13*s + 244. Give k(-19).
-3
Let t(g) = -14*g - 177. Calculate t(-10).
-37
Let w(y) = 2*y**2 + 9*y - 7. Calculate w(-5).
-2
Let t(v) = -4*v**3 - 2*v**2 - 7*v - 3. Determine t(-2).
35
Let a(p) = -2*p + 39. Give a(10).
19
Let b(y) = y**2 - 3*y + 9. What is b(4)?
13
Let i(n) = n - 7. What is i(5)?
-2
Let h(u) = -2*u**2 + 5*u - 9. What is h(4)?
-21
Let s(a) = -a**2 + a + 3. Determine s(5).
-17
Let o(p) = -3*p - 11. What is o(-5)?
4
Let b(w) = 2*w**2 + 22*w + 4. Give b(-9).
-32
Let j(x) = 2*x - 46. Calculate j(24).
2
Let t(q) = -4*q**3 - q**2 - 6*q + 7. Give t(1).
-4
Let n(y) = -13*y**3 + 2*y**2 - y - 2. Give n(1).
-14
Let x(i) = -i**3 - 11*i**2 - 3*i + 14. Determine x(-9).
-121
Let f(m) = -m**2 - 21*m - 84. Calculate f(-5).
-4
Let z(u) = u**3 + 11*u**2 + 15*u + 15. Determine z(-10).
-35
Let r(o) = -2*o**2 - 14*o + 10. Give r(1).
-6
Let i(h) = -43*h**3 + h**2 + 2*h + 1. Calculate i(-1).
43
Let t(q) = -7*q - 91. Give t(-13).
0
Let g(t) = -t**3 - 12*t**2 + 22*t - 19. Determine g(-14).
65
Let c(t) = 2*t**2 + 16*t + 8. Determine c(-7).
-6
Let y(q) = -q + 13. Calculate y(-1).
14
Let g(l) = -2*l - 5. Determine g(0).
-5
Let x(d) = d**3 + 3*d**2 + 4*d + 2. Give x(-2).
-2
Let w(h) = 2*h**2 + 4*h + 4. Determine w(-3).
10
Let z(x) = -x**3 - 8*x**2 + 11*x + 58. Determine z(-8).
-30
Let v(l) = l**3 - 15*l**2 + 19*l. Calculate v(13).
-91
Let g(b) = -4*b - 6. What is g(4)?
-22
Let x(p) = p**3 - 7*p**2 + 6*p - 1. Give x(6).
-1
Let m(l) = l**3 - 7*l**2 + 4*l + 9. Calculate m(4).
-23
Let v(x) = -2*x**3 + 2*x**2 + 3*x. What is v(-2)?
18
Let f(u) = 6*u**3 - u**2 - 4*u + 10. Calculate f(2).
46
Let l(y) = -y**2 - y - 7. Determine l(0).
-7
Let p(m) = m**2 + 33*m + 269. Give p(-18).
-1
Let s(q) = -4*q. Calculate s(-2).
8
Let l(b) = b**3 - 5*b**2 + 7*b - 2. Determine l(4).
10
Let p(w) = w**2 + 11*w + 36. Calculate p(-6).
6
Let f(g) = g**2 + 2*g - 6. What is f(4)?
18
Let l(a) = 111*a - 323. Determine l(3).
10
Let t(b) = 11*b + 41. What is t(-3)?
8
Let y(v) = -16*v**2 + v + 2. Calculate y(-1).
-15
Let n(q) = q**3 - 3*q**2 - 29*q + 63. What is n(6)?
-3
Let r(p) = -16*p + 8. Determine r(4).
-56
Let i(d) = d**2 - 14*d - 5. Calculate i(14).
-5
Let o(w) = w**3 - 27*w**2 + w - 26. Determine o(27).
1
Let q(a) = -a**2 - 7*a - 10. Calculate q(-7).
-10
Let q(p) = -6*p - 1. What is q(-3)?
17
Let r(g) = -4*g**2 + 3*g - 3. Determine r(2).
-13
Let q(u) = -12*u - 13. Calculate q(7).
-97
Let d(b) = 2*b**2 - 2*b + 10. Give d(-6).
94
Let d(h) = 2*h**2 + 36*h + 3. Determine d(-18).
3
Let q(m) = m**3 + 7*m**2 + 11*m + 73. Calculate q(-7).
-4
Let c(v) = -2*v**2 + v + 16. Calculate c(-5).
-39
Let m(t) = t**2 - 6*t + 7. What is m(3)?
-2
Let n(g) = -g**2 + 14*g - 10. Calcula